et s(v) = -k(v) + t(v). Let l be s(-4). What is the remainder when (l/4)/((-4)/184) is divided by 8?
7
Let k be 2/(-3) + 150/(-18). Let l = 16 - 12. What is the remainder when k/l*16/(-3) is divided by 4?
0
What is the remainder when (-2)/(-4)*(-11)/(33/(-258)) is divided by 11?
10
Let i be 2/(-6) - (-8)/24. Suppose i*s = 2*s - 28. Suppose 3*j = s + 10. Calculate the remainder when 21 is divided by j.
5
Let x(m) = 2*m**3 + 64*m**2 + 117*m - 26. Calculate the remainder when x(-30) is divided by 1.
0
Let p(k) = 3*k - 3. Let n be p(2). Let h(l) = -5 - 2*l + l**n + 6*l**2 + 1 - 2 + 5*l. What is the remainder when 18 is divided by h(-5)?
2
Let i = 54 - 28. Let a be (-5)/(-2) - 42/(-28). Suppose 5*t - 364 = -a*m, 4*m = -4*t + 3*t + 60. What is the remainder when t is divided by i?
24
Let z = 63 - -3. Suppose 8 = 4*r, -37 = -2*b - 4*r + 5. What is the remainder when z is divided by b?
15
Let y = 7 - 5. Suppose 129 = 2*i - 2*d - 3*d, -y*i = -3*d - 135. Calculate the remainder when 14 is divided by (i/63)/((-4)/(-14)).
2
Suppose 3*c - 36 = p - 8, -2*c + 3*p + 21 = 0. Let t(j) = -355*j + 1162. What is the remainder when t(3) is divided by c?
7
Let v(a) = 2*a**2 + 17*a + 30. What is the remainder when 34 is divided by v(-7)?
7
Suppose 3*f = -f + 68. What is the remainder when 82 is divided by f + (6 - 3/1) + -3?
14
Suppose m - 4 = -7, -5*p + 2*m = -56. Calculate the remainder when 205 is divided by p.
5
Let s(d) = d**3 + d**2 + 49. Let a be s(0). Let g = a - 23. Suppose -x + 157 = 2*x + 2*c, -2*x + 2*c + 88 = 0. Calculate the remainder when x is divided by g.
23
Let l(t) = -9*t - 140. Calculate the remainder when 258 is divided by l(-17).
11
Suppose -19*p + 5048 = -4851. Calculate the remainder when p is divided by 29.
28
Let p(u) = 2*u**2 - 3*u - 26. What is the remainder when p(10) is divided by 74?
70
Suppose 3*z - 605 - 172 = 0. Let s = 87 - z. What is the remainder when 35 is divided by s/(-14) - 12/42?
11
Suppose 6*m = m + 80. Calculate the remainder when 140 is divided by m.
12
Let l(g) = -g**3 - 2*g**2 + 4. Calculate the remainder when -4*-4*(-9)/(-24) is divided by l(-2).
2
Let w = -1 - 24. Let h = w + 8. Let k = -10 - h. What is the remainder when 13 is divided by k?
6
Suppose 7150 = 9*r - 14*r. What is the remainder when 47 is divided by r/(-90) + 1/9?
15
Let c = 49 + -45. Suppose 0*l = 4*l - 3*s - 141, -c*l = 4*s - 176. Calculate the remainder when l is divided by 7.
4
Let j(f) = f**3 - 5*f - 1. Let i(k) = -k**3 - 3*k**2 - 5*k - 5. Calculate the remainder when j(-2) is divided by i(-2).
0
Suppose -10 = -0*s - 5*s. Calculate the remainder when 2 + (-2 - -168)/s is divided by (3/2)/(33/484).
19
Let g(d) = -7*d + 179. Calculate the remainder when g(22) is divided by 13.
12
Let y = 12 + -9. Let g(r) = -r**3 + 8*r**2 - 3*r - 2. What is the remainder when g(y) is divided by 7?
6
Let u = -18 - -46. Calculate the remainder when u is divided by 17.
11
Let j = -139 + 183. Calculate the remainder when 131 is divided by j.
43
Let x(t) = -t**3 + 5*t**2 - 4*t + 6. Let n be x(4). What is the remainder when (n/(-4))/(6/(-280)) is divided by 18?
16
Let v = -36 + 40. Suppose -2*b = -v*b - 2, 4*k + 4*b - 12 = 0. What is the remainder when 41 is divided by k?
1
Let h(j) = -50*j**3 - j - 1. Let k(o) = -7*o - 16. Let f be k(-2). Let q(t) = -9*t - 1. What is the remainder when h(-1) is divided by q(f)?
16
Let l(j) = 4*j**2 + 4*j + 12. Suppose 4*u = -2*v - 6, 2*u + 2 = 4*v - 16. Calculate the remainder when 71 is divided by l(u).
35
Let x = 189 - 151. Calculate the remainder when 75 is divided by x.
37
Let j(m) be the first derivative of 2*m**3 - 3*m**2/2 + 12. What is the remainder when j(2) is divided by 11?
7
What is the remainder when (-1 - 7/(-21))*(-87 - 0) is divided by 23?
12
Suppose 3*z - 15 = 9. Suppose -55 = -3*d - 40. What is the remainder when z is divided by (-1)/((-5)/(-10)) + d?
2
What is the remainder when 226 is divided by 1620/44 + 1 - 4/(-22)?
36
Let g = 24 + -16. What is the remainder when 15/(-20) + 190/g is divided by 12?
11
What is the remainder when -7 + (-140)/(-21) + (-362)/(-6) is divided by 24?
12
Let f(z) = -z**3 - 5*z**2 - 8*z - 6. Suppose 14*j = 5 + 261. Calculate the remainder when f(-5) is divided by j.
15
Let x be 12/(-9) - (-1456)/12. Calculate the remainder when 43 is divided by (2/(-4))/((-4)/x).
13
Let x(d) = -14 - 8*d + 12*d**2 - 6 - d**3 - 9*d + 2*d**3. Calculate the remainder when x(-13) is divided by 18.
14
Suppose -r - 9 = -4*r. Suppose -y - y = -j + 31, -93 = -r*j - 4*y. What is the remainder when j is divided by 7?
3
Let b(i) = 14*i - 53. Let f be (0 - -23)/(1 + -2). Let y = -12 - f. Calculate the remainder when b(6) is divided by y.
9
Suppose 2*c = -c + 12. Suppose -c*v - 3*v + 329 = 0. Calculate the remainder when v is divided by 16.
15
Let u(x) = 9*x - 17. Let w be u(7). Let p = -35 + w. What is the remainder when 60 is divided by p?
5
Let k(h) = -2*h**2 - 15*h + 7. Let l(b) = 5*b**2 + 45*b - 22. Let m(c) = -8*k(c) - 3*l(c). Calculate the remainder when 305 is divided by m(17).
41
Let m be (3 + 1 + -2)*(-136)/(-16). Let n = m + -7. What is the remainder when 27 is divided by n?
7
Suppose 0 = 3*b + 55 - 115. Calculate the remainder when b is divided by 0 + 13 - (0 - -2).
9
Calculate the remainder when 50 is divided by (1 - (-68)/(-16))/(3/(-36)).
11
Let k = 857 - 748. Calculate the remainder when k is divided by 23.
17
Suppose -5*s - j + 264 = -63, 54 = s + 4*j. Calculate the remainder when 219 is divided by s.
21
Suppose 16*i - 213 = 187. What is the remainder when (-20)/i + 169/5 is divided by 7?
5
Suppose -4*t = -154 - 254. Suppose 4*u = p - 42, 3*p = p - u + t. Suppose 5*b - p - 55 = 0. Calculate the remainder when 82 is divided by b.
19
Suppose -4*g + 133 = a, -27*g + 22*g + 521 = 4*a. What is the remainder when a is divided by 22?
19
Suppose v = -y + 11, 2*y = v + 5*y - 7. Suppose 11 + v = 2*f. What is the remainder when 70 is divided by f?
10
Suppose -5*m - 5*b + 142 = 27, b = -2*m + 47. Calculate the remainder when (-462)/22*3/((-9)/20) is divided by m.
20
Let n = 628 - 599. Suppose -2*y = -y + s - 229, -4*s - 4 = 0. Suppose -4*m + 462 = -3*h, 2*m - 3*h - y = -2*h. What is the remainder when m is divided by n?
27
Suppose -3*u + 15 = -3*t, 4*t + 0*t = -20. Suppose -3*c + 5 = 2*p - 0*p, 3*p + 15 = u. Let h(f) = 2*f + 2. What is the remainder when h(5) is divided by c?
2
Suppose -4*v + 814 = 490. What is the remainder when 159 is divided by v?
78
Suppose u - a = -0*u + 10, 0 = 4*u + a - 35. Suppose 2*b - 201 - u = -v, 0 = 2*b - 2*v - 222. Calculate the remainder when b is divided by 18.
17
What is the remainder when 73 is divided by (247/(-26))/((-4)/8)?
16
Let a(n) = 7*n + 12 - 9 + 1 + 4*n**2. What is the remainder when 74 is divided by a(-3)?
17
Suppose 2*f - 99 = -t, 2*f + 4*t + 0*t = 114. What is the remainder when 280 is divided by f?
45
Suppose 25 = 3*t + 16. Suppose 21 + 12 = t*w. Calculate the remainder when 29 is divided by w.
7
Suppose 0*w - 148 = -2*w. Let f(c) = 2*c**2 - 15*c - 5. Let s be f(7). Let j = w + s. Calculate the remainder when j is divided by 32.
30
Suppose 57*a - 64 = 53*a. Calculate the remainder when 508 is divided by a.
12
Let g(w) = 10*w**2 + 4*w - 3. Let z be g(-3). Suppose -8*y + 3*y + z = 0. What is the remainder when 57 is divided by y?
12
Let h = -16 - -20. Suppose 9*s = 8*s + h. Suppose u - 3*t + s = -1, -2*t = 2*u - 6. Calculate the remainder when 2 is divided by u.
0
Let k(u) = 8*u - 3. Let m be k(1). Suppose -2*j + 3*a + 6 + 15 = 0, -4*j = m*a - 75. What is the remainder when 44 is divided by j?
14
Let g be 454*1 - 10/(-5). Suppose 0*d = d - g. What is the remainder when 4/10 - d/(-10) is divided by 12?
10
What is the remainder when (111*3/2)/(263/526) is divided by 57?
48
Let o = 653 - 929. What is the remainder when (((-2)/6)/(-1))/((-1)/o) is divided by 33?
26
Suppose 4*v = 2*p + 146, 3*v + 4*p = v + 88. Let u = 8 + -11. Let c = u + 13. What is the remainder when v is divided by c?
8
What is the remainder when 111 is divided by ((-155)/(-20) + 2)*(-8)/(-3)?
7
Let l be (-2)/(-2 + 1) - -1. Suppose l*w - 65 = -20. What is the remainder when 28 is divided by w?
13
Suppose 7*n - 109 - 108 = 0. Let b = 10 + -25. Let o = b + n. Calculate the remainder when 31 is divided by o.